ivisor of 13 and 2611739.
13
Calculate the greatest common factor of 408 and 207876.
204
Calculate the highest common divisor of 103025 and 2275.
325
Calculate the highest common divisor of 253943 and 253.
23
What is the greatest common divisor of 714 and 50082?
102
What is the greatest common factor of 4763 and 968?
11
Calculate the greatest common divisor of 204635 and 25.
5
Calculate the highest common factor of 23895 and 675.
135
Calculate the highest common factor of 227 and 1463923.
227
What is the highest common divisor of 137070 and 1080?
90
What is the highest common factor of 10302 and 228159?
303
Calculate the greatest common factor of 259 and 360491.
37
What is the highest common factor of 105 and 1708?
7
What is the greatest common divisor of 25 and 4780?
5
Calculate the highest common divisor of 32192 and 48.
16
What is the highest common factor of 106 and 438787?
53
Calculate the greatest common divisor of 167232 and 201.
201
Calculate the greatest common divisor of 477 and 90918.
9
What is the greatest common divisor of 320 and 1184?
32
What is the greatest common factor of 280692 and 3105?
621
Calculate the greatest common divisor of 211 and 3561680.
211
What is the greatest common divisor of 280387 and 257?
257
Calculate the greatest common factor of 2440348 and 226.
226
What is the highest common factor of 39 and 14456?
13
What is the greatest common factor of 3381 and 26607?
147
Calculate the greatest common divisor of 530614 and 1963.
151
What is the greatest common divisor of 123330 and 9?
3
What is the highest common divisor of 426 and 115446?
426
What is the highest common divisor of 781 and 9727?
71
What is the highest common factor of 34 and 12438?
2
Calculate the highest common factor of 2674 and 826.
14
Calculate the highest common factor of 277721 and 334.
167
Calculate the highest common factor of 2251333 and 7.
7
Calculate the greatest common factor of 569 and 631021.
569
Calculate the greatest common divisor of 435 and 3.
3
Calculate the highest common factor of 945 and 198855.
135
Calculate the highest common divisor of 307625 and 161.
23
Calculate the highest common divisor of 434169 and 1539.
171
What is the greatest common divisor of 105 and 54033?
21
Calculate the greatest common factor of 645 and 989.
43
Calculate the highest common divisor of 2529 and 576.
9
What is the highest common factor of 498672 and 144?
144
What is the greatest common factor of 1633510 and 10?
10
What is the highest common factor of 5709653 and 83?
83
Calculate the highest common divisor of 317165 and 1603.
229
What is the greatest common factor of 9 and 2522961?
9
Calculate the highest common divisor of 548088 and 41.
41
What is the greatest common divisor of 336 and 463616?
16
Calculate the highest common factor of 1008 and 40.
8
Calculate the highest common divisor of 17 and 25177.
17
Calculate the highest common divisor of 6562725 and 5300.
1325
Calculate the highest common factor of 390 and 1300.
130
What is the greatest common divisor of 37726 and 26?
26
Calculate the greatest common divisor of 4760 and 3640.
280
Calculate the greatest common divisor of 12 and 341706.
6
What is the highest common divisor of 18 and 389817?
9
What is the highest common divisor of 9 and 630324?
9
What is the greatest common factor of 61904 and 2438?
106
What is the highest common factor of 7092 and 732?
12
What is the highest common divisor of 322 and 2303?
7
Calculate the greatest common divisor of 194299 and 12863.
677
Calculate the highest common divisor of 580338 and 99.
99
What is the highest common divisor of 200 and 2328?
8
What is the highest common factor of 77 and 30712?
11
What is the greatest common factor of 414635 and 325?
65
What is the greatest common factor of 2 and 19854?
2
What is the highest common factor of 35 and 207410?
35
What is the greatest common divisor of 2556 and 689268?
852
Calculate the highest common factor of 40 and 220760.
40
Calculate the greatest common factor of 32809 and 1505.
301
Calculate the highest common divisor of 24 and 715548.
12
Calculate the highest common factor of 2023 and 176953.
119
What is the greatest common divisor of 2336 and 192?
32
Calculate the highest common divisor of 11913 and 8778.
627
What is the greatest common divisor of 209 and 583?
11
Calculate the greatest common divisor of 192283 and 2002.
91
Calculate the greatest common divisor of 16485 and 9555.
105
Calculate the highest common divisor of 1713775 and 22384.
1399
Calculate the greatest common factor of 3022695 and 9.
9
What is the greatest common divisor of 648 and 3680?
8
Calculate the highest common factor of 1005 and 1054915.
335
What is the greatest common factor of 9338 and 29638?
406
Calculate the highest common divisor of 2397 and 6885.
51
Calculate the greatest common divisor of 4536 and 44352.
504
What is the highest common factor of 184 and 368000?
184
Calculate the greatest common divisor of 27423 and 495.
99
Calculate the highest common factor of 476400 and 450.
150
What is the greatest common divisor of 860 and 2570?
10
What is the greatest common factor of 2906040 and 183?
183
What is the highest common factor of 84 and 438060?
84
Calculate the greatest common factor of 111 and 72483.
111
What is the greatest common factor of 2080 and 2015?
65
Calculate the highest common factor of 441051 and 301.
43
What is the greatest common divisor of 2805 and 2343?
33
What is the highest common divisor of 175 and 153020?
35
What is the highest common factor of 2229 and 48?
3
Calculate the highest common divisor of 17728 and 352.
32
What is the highest common factor of 175099 and 42037?
331
Calculate the highest common divisor of 97975 and 10.
5
Calculate the highest common factor of 169505 and 19285.
1015
What is the greatest common divisor of 2306 and 14?
2
Calculate the greatest common divisor of 1628475 and 225.
75
Calculate the greatest common factor of 11754772 and 2216.
1108
What is the highest common factor of 236 and 51094?
118
What is the greatest common factor of 198 and 5286?
6
Calculate the greatest common factor of 6798 and 15141.
309
What is the greatest common divisor of 839185 and 235?
235
Calculate the highest common divisor of 26225 and 100.
25
What is the highest common factor of 24000 and 10250?
250
What is the greatest common factor of 447889 and 12887?
263
What is the highest common divisor of 28 and 76909?
7
What is the highest common factor of 620 and 3540?
20
Calculate the highest common factor of 414 and 82638.
18
Calculate the highest common divisor of 87377 and 1219.
23
What is the highest common factor of 5838690 and 330?
330
Calculate the highest common factor of 1215 and 15555.
15
Calculate the highest common divisor of 25928 and 42.
14
Calculate the greatest common factor of 1863360 and 480.
480
Calculate the highest common factor of 117 and 276393.
39
Calculate the highest common factor of 1032 and 9528.
24
Calculate the highest common divisor of 301 and 124829.
43
What is the highest common divisor of 144 and 39588?
12
Calculate the greatest common factor of 2149 and 88723.
307
Calculate the highest common factor of 18721 and 291.
97
What is the greatest common divisor of 45810 and 509?
509
What is the greatest common divisor of 51152 and 176?
16
Calculate the greatest common factor of 35 and 25039.
7
What is the highest common factor of 18912 and 480?
96
What is the greatest common factor of 25181 and 1352?
169
What is the highest common factor of 234 and 32734?
26
What is the greatest common divisor of 498 and 159?
3
Calculate the highest common divisor of 1998 and 2294.
74
Calculate the greatest common divisor of 9 and 549585.
9
What is the highest common divisor of 1715824 and 1232?
176
What is the highest common factor of 414 and 17664?
138
What is the highest common factor of 17764 and 4?
4
What is the highest common factor of 167 and 14362?
167
Calculate the highest common factor of 3454 and 550.
22
What is the highest common factor of 4635280 and 208?
208
What is the greatest common divisor of 6042519 and 63?
63
Calculate the greatest common divisor of 252 and 3633.
21
What is the highest common factor of 98 and 12374558?
98
What is the highest common divisor of 12645 and 630